{"id":19052,"date":"2023-03-30T12:03:16","date_gmt":"2023-03-30T12:03:16","guid":{"rendered":"https:\/\/ajans2.dijitalpiksel.com\/?page_id=19052"},"modified":"2025-09-24T12:09:29","modified_gmt":"2025-09-24T12:09:29","slug":"hakkimizda","status":"publish","type":"page","link":"https:\/\/ajans2.dijitalpiksel.com\/index.php\/hakkimizda\/","title":{"rendered":"Hakk\u0131m\u0131zda"},"content":{"rendered":"\t\t<div data-elementor-type=\"wp-page\" data-elementor-id=\"19052\" class=\"elementor elementor-19052\">\n\t\t\t\t\t\t<section class=\"elementor-section elementor-top-section elementor-element elementor-element-8f73f41 elementor-section-boxed elementor-section-height-default elementor-section-height-default sc_fly_static\" data-id=\"8f73f41\" data-element_type=\"section\">\n\t\t\t\t\t\t<div class=\"elementor-container elementor-column-gap-extended\">\n\t\t\t\t\t<div class=\"elementor-column elementor-col-100 elementor-top-column elementor-element elementor-element-d2869ac sc_content_align_inherit sc_layouts_column_icons_position_left sc_fly_static\" data-id=\"d2869ac\" data-element_type=\"column\">\n\t\t\t<div class=\"elementor-widget-wrap elementor-element-populated\">\n\t\t\t\t\t\t<div class=\"elementor-element elementor-element-4707b88 sc_fly_static elementor-widget elementor-widget-heading\" data-id=\"4707b88\" data-element_type=\"widget\" data-widget_type=\"heading.default\">\n\t\t\t\t<div class=\"elementor-widget-container\">\n\t\t\t\t\t<h3 class=\"elementor-heading-title elementor-size-default\">Web tasar\u0131m ve dijital ihtiya\u00e7lar\u0131n\u0131z i\u00e7in uygun b\u00fct\u00e7eli ve \u00f6zel \u00e7\u00f6z\u00fcmler sunuyoruz.<\/h3>\t\t\t\t<\/div>\n\t\t\t\t<\/div>\n\t\t\t\t<div class=\"elementor-element elementor-element-4763657 sc_fly_static elementor-widget elementor-widget-spacer\" data-id=\"4763657\" data-element_type=\"widget\" data-widget_type=\"spacer.default\">\n\t\t\t\t<div class=\"elementor-widget-container\">\n\t\t\t\t\t\t\t<div class=\"elementor-spacer\">\n\t\t\t<div class=\"elementor-spacer-inner\"><\/div>\n\t\t<\/div>\n\t\t\t\t\t\t<\/div>\n\t\t\t\t<\/div>\n\t\t\t\t\t<\/div>\n\t\t<\/div>\n\t\t\t\t\t<\/div>\n\t\t<\/section>\n\t\t\t\t<section class=\"elementor-section elementor-top-section elementor-element elementor-element-cecdd1c elementor-section-boxed elementor-section-height-default elementor-section-height-default sc_fly_static\" data-id=\"cecdd1c\" data-element_type=\"section\">\n\t\t\t\t\t\t<div class=\"elementor-container elementor-column-gap-extended\">\n\t\t\t\t\t<div class=\"elementor-column elementor-col-50 elementor-top-column elementor-element elementor-element-3a2b1b0 sc_content_align_inherit sc_layouts_column_icons_position_left sc_fly_static\" data-id=\"3a2b1b0\" data-element_type=\"column\">\n\t\t\t<div class=\"elementor-widget-wrap elementor-element-populated\">\n\t\t\t\t\t\t<div class=\"elementor-element elementor-element-e15b878 sc_fly_static elementor-widget elementor-widget-heading\" data-id=\"e15b878\" data-element_type=\"widget\" data-widget_type=\"heading.default\">\n\t\t\t\t<div class=\"elementor-widget-container\">\n\t\t\t\t\t<h4 class=\"elementor-heading-title elementor-size-default\">Neden Biz?<\/h4>\t\t\t\t<\/div>\n\t\t\t\t<\/div>\n\t\t\t\t<div class=\"elementor-element elementor-element-8ff1db1 sc_fly_static elementor-widget elementor-widget-text-editor\" data-id=\"8ff1db1\" data-element_type=\"widget\" data-widget_type=\"text-editor.default\">\n\t\t\t\t<div class=\"elementor-widget-container\">\n\t\t\t\t\t\t\t\t\t<p data-start=\"180\" data-end=\"523\">Sundu\u011fumuz hizmetlerde her zaman b\u00fct\u00e7enize uygun ve size \u00f6zel \u00e7\u00f6z\u00fcmler \u00fcretmeye odaklan\u0131yoruz. Web tasar\u0131m ve yaz\u0131l\u0131m ihtiya\u00e7lar\u0131n\u0131z\u0131 kar\u015f\u0131lamak i\u00e7in projelerinizi detayl\u0131 \u015fekilde analiz ediyor, beklentilerinizi ve \u00f6nceliklerinizi anlamaya \u00f6nem veriyoruz. B\u00f6ylece size \u00f6zel stratejiler geli\u015ftiriyor ve projenizi ba\u015far\u0131yla hayata ge\u00e7iriyoruz.<\/p><p data-start=\"525\" data-end=\"787\">Deneyimli ekibimiz, bilgi birikimimiz ve samimi yakla\u015f\u0131m\u0131m\u0131zla her projede en iyi sonucu hedefliyoruz. Do\u011fru stratejiler belirlemek, profesyonel i\u015f planlar\u0131 olu\u015fturmak, estetik tasar\u0131mlar sunmak ve kalite standartlar\u0131m\u0131z\u0131 y\u00fcksek tutmak \u00f6nceliklerimiz aras\u0131nda.<\/p><p data-start=\"789\" data-end=\"1067\">5 y\u0131l\u0131 a\u015fk\u0131n s\u00fcredir hem yurt i\u00e7inde hem de yurt d\u0131\u015f\u0131nda; web yaz\u0131l\u0131m ve tasar\u0131m, grafik tasar\u0131m, programlama, animasyon, hosting &amp; domain hizmetleri, sosyal medya y\u00f6netimi, dijital pazarlama, kurumsal e-posta, reklam &amp; pazarlama ve SEO gibi bir\u00e7ok alanda \u00e7\u00f6z\u00fcmler \u00fcretiyoruz.<\/p><p data-start=\"1069\" data-end=\"1282\">Bug\u00fcn geldi\u011fimiz noktada hizmetlerimizin s\u0131n\u0131rlar\u0131n\u0131 m\u00fc\u015fterilerimizle birlikte geni\u015flettik. Amac\u0131m\u0131z, projelerinizi do\u011fru \u015fekilde y\u00f6nlendirmek ve ba\u015far\u0131lar\u0131n\u0131za katk\u0131 sa\u011flayarak birlikte b\u00fcy\u00fcmeye devam etmektir.<\/p>\t\t\t\t\t\t\t\t<\/div>\n\t\t\t\t<\/div>\n\t\t\t\t<div class=\"elementor-element elementor-element-bbe71bc sc_fly_static elementor-widget elementor-widget-spacer\" data-id=\"bbe71bc\" data-element_type=\"widget\" data-widget_type=\"spacer.default\">\n\t\t\t\t<div class=\"elementor-widget-container\">\n\t\t\t\t\t\t\t<div class=\"elementor-spacer\">\n\t\t\t<div class=\"elementor-spacer-inner\"><\/div>\n\t\t<\/div>\n\t\t\t\t\t\t<\/div>\n\t\t\t\t<\/div>\n\t\t\t\t\t<\/div>\n\t\t<\/div>\n\t\t\t\t<div class=\"elementor-column elementor-col-50 elementor-top-column elementor-element elementor-element-a547625 sc_content_align_inherit sc_layouts_column_icons_position_left sc_fly_static\" data-id=\"a547625\" data-element_type=\"column\">\n\t\t\t<div class=\"elementor-widget-wrap\">\n\t\t\t\t\t\t\t<\/div>\n\t\t<\/div>\n\t\t\t\t\t<\/div>\n\t\t<\/section>\n\t\t\t\t<section class=\"elementor-section elementor-top-section elementor-element elementor-element-b2270d2 elementor-section-boxed elementor-section-height-default elementor-section-height-default sc_fly_static\" data-id=\"b2270d2\" data-element_type=\"section\">\n\t\t\t\t\t\t<div class=\"elementor-container elementor-column-gap-extended\">\n\t\t\t\t\t<div class=\"elementor-column elementor-col-50 elementor-top-column elementor-element elementor-element-109718d sc_content_align_inherit sc_layouts_column_icons_position_left sc_fly_static\" data-id=\"109718d\" data-element_type=\"column\">\n\t\t\t<div class=\"elementor-widget-wrap\">\n\t\t\t\t\t\t\t<\/div>\n\t\t<\/div>\n\t\t\t\t<div class=\"elementor-column elementor-col-50 elementor-top-column elementor-element elementor-element-dac2962 sc_content_align_inherit sc_layouts_column_icons_position_left sc_fly_static\" data-id=\"dac2962\" data-element_type=\"column\">\n\t\t\t<div class=\"elementor-widget-wrap elementor-element-populated\">\n\t\t\t\t\t\t<div class=\"elementor-element elementor-element-c611358 sc_fly_static elementor-widget elementor-widget-heading\" data-id=\"c611358\" data-element_type=\"widget\" data-widget_type=\"heading.default\">\n\t\t\t\t<div class=\"elementor-widget-container\">\n\t\t\t\t\t<h4 class=\"elementor-heading-title elementor-size-default\">Biz Kimiz?<\/h4>\t\t\t\t<\/div>\n\t\t\t\t<\/div>\n\t\t\t\t<div class=\"elementor-element elementor-element-bf6072b sc_fly_static elementor-widget elementor-widget-text-editor\" data-id=\"bf6072b\" data-element_type=\"widget\" data-widget_type=\"text-editor.default\">\n\t\t\t\t<div class=\"elementor-widget-container\">\n\t\t\t\t\t\t\t\t\t<p data-start=\"170\" data-end=\"432\">Dijital alanda edindi\u011fimiz uzun y\u0131llara dayanan tecr\u00fcbemiz ve farkl\u0131 sekt\u00f6rlerde ger\u00e7ekle\u015ftirdi\u011fimiz projelerle m\u00fc\u015fteri memnuniyetini \u00f6n planda tutuyoruz. Yenilik\u00e7i, dinamik ve sonu\u00e7 odakl\u0131 bir \u00e7al\u0131\u015fma prensibiyle g\u00fc\u00e7l\u00fc bir ekip olarak yolumuza devam ediyoruz.<\/p><p data-start=\"434\" data-end=\"726\">Ayn\u0131 \u00e7at\u0131 alt\u0131nda sundu\u011fumuz t\u00fcm hizmetlerde alan\u0131nda uzman ekip arkada\u015flar\u0131m\u0131z yer al\u0131yor. Tecr\u00fcbemiz, bilgi birikimimiz ve i\u015f prensiplerimiz, bizi s\u00fcrekli geli\u015fmeye ve daha ileriye ta\u015f\u0131maya y\u00f6nlendiriyor. M\u00fc\u015fterilerimizle kurdu\u011fumuz g\u00fc\u00e7l\u00fc ileti\u015fim, i\u015fimizin s\u00fcrd\u00fcr\u00fclebilirli\u011fini sa\u011fl\u0131yor.<\/p><p data-start=\"728\" data-end=\"1052\">Projelerimizde daima m\u00fc\u015fterilerimizin fikirlerine ve ihtiya\u00e7lar\u0131na de\u011fer veriyor, onlar\u0131n bak\u0131\u015f a\u00e7\u0131lar\u0131n\u0131 da s\u00fcrece dahil ediyoruz. Bu yakla\u015f\u0131m\u0131m\u0131z, ortaya koydu\u011fumuz i\u015flerin kalitesini y\u00fckseltiyor. \u0130nsan odakl\u0131 bak\u0131\u015f a\u00e7\u0131m\u0131z\u0131, dijital d\u00fcnyan\u0131n sa\u011flad\u0131\u011f\u0131 imkanlarla birle\u015ftirerek g\u00fcvenilir projeler \u00fcretmeye devam ediyoruz.<\/p>\t\t\t\t\t\t\t\t<\/div>\n\t\t\t\t<\/div>\n\t\t\t\t<div class=\"elementor-element elementor-element-ce95418 sc_fly_static elementor-widget elementor-widget-spacer\" data-id=\"ce95418\" data-element_type=\"widget\" data-widget_type=\"spacer.default\">\n\t\t\t\t<div class=\"elementor-widget-container\">\n\t\t\t\t\t\t\t<div class=\"elementor-spacer\">\n\t\t\t<div class=\"elementor-spacer-inner\"><\/div>\n\t\t<\/div>\n\t\t\t\t\t\t<\/div>\n\t\t\t\t<\/div>\n\t\t\t\t\t<\/div>\n\t\t<\/div>\n\t\t\t\t\t<\/div>\n\t\t<\/section>\n\t\t\t\t<section class=\"elementor-section elementor-top-section elementor-element elementor-element-3d91673 elementor-section-boxed elementor-section-height-default elementor-section-height-default sc_fly_static\" data-id=\"3d91673\" data-element_type=\"section\">\n\t\t\t\t\t\t<div class=\"elementor-container elementor-column-gap-extended\">\n\t\t\t\t\t<div class=\"elementor-column elementor-col-33 elementor-top-column elementor-element elementor-element-b715edb sc_content_align_inherit sc_layouts_column_icons_position_left sc_fly_static\" data-id=\"b715edb\" data-element_type=\"column\">\n\t\t\t<div class=\"elementor-widget-wrap elementor-element-populated\">\n\t\t\t\t\t\t<div class=\"elementor-element elementor-element-65fdb7c elementor-view-default elementor-position-top elementor-mobile-position-top sc_fly_static elementor-widget elementor-widget-icon-box\" data-id=\"65fdb7c\" data-element_type=\"widget\" data-widget_type=\"icon-box.default\">\n\t\t\t\t<div class=\"elementor-widget-container\">\n\t\t\t\t\t\t\t<div class=\"elementor-icon-box-wrapper\">\n\n\t\t\t\t\t\t<div class=\"elementor-icon-box-icon\">\n\t\t\t\t<span  class=\"elementor-icon\">\n\t\t\t\t<i aria-hidden=\"true\" class=\"fas fa-drafting-compass\"><\/i>\t\t\t\t<\/span>\n\t\t\t<\/div>\n\t\t\t\n\t\t\t\t\t\t<div class=\"elementor-icon-box-content\">\n\n\t\t\t\t\t\t\t\t\t<h3 class=\"elementor-icon-box-title\">\n\t\t\t\t\t\t<span  >\n\t\t\t\t\t\t\tProjecilik\t\t\t\t\t\t<\/span>\n\t\t\t\t\t<\/h3>\n\t\t\t\t\n\t\t\t\t\t\t\t\t\t<p class=\"elementor-icon-box-description\">\n\t\t\t\t\t\t\u0130\u015flere yakla\u015f\u0131m\u0131m\u0131z sistematik bir bak\u0131\u015f a\u00e7\u0131s\u0131na dayan\u0131r. Gelen projeleri detayland\u0131r\u0131r, s\u00fcre\u00e7lerini ve sorumluluklar\u0131n\u0131 netle\u015ftirir, uygular ve test ederek sonu\u00e7land\u0131r\u0131r\u0131z. Bu a\u015famalarda hem bireysel deneyimlerimizden hem de ekibimizin bilgi birikiminden faydalan\u0131r\u0131z. Ba\u015far\u0131l\u0131 bir proje i\u00e7in gerekli kaynaklar\u0131 \u00f6nceden planlar, disiplinli \u00e7al\u0131\u015f\u0131r\u0131z. Devaml\u0131l\u0131k gerektiren i\u015flerde de ayn\u0131 y\u00f6ntemle s\u00fcre\u00e7leri analiz eder, raporlar ve s\u00fcrd\u00fcr\u00fclebilirli\u011fi sa\u011flar\u0131z.\t\t\t\t\t<\/p>\n\t\t\t\t\n\t\t\t<\/div>\n\t\t\t\n\t\t<\/div>\n\t\t\t\t\t\t<\/div>\n\t\t\t\t<\/div>\n\t\t\t\t\t<\/div>\n\t\t<\/div>\n\t\t\t\t<div class=\"elementor-column elementor-col-33 elementor-top-column elementor-element elementor-element-1060082 sc_content_align_inherit sc_layouts_column_icons_position_left sc_fly_static\" data-id=\"1060082\" data-element_type=\"column\">\n\t\t\t<div class=\"elementor-widget-wrap elementor-element-populated\">\n\t\t\t\t\t\t<div class=\"elementor-element elementor-element-18f41d1 elementor-view-default elementor-position-top elementor-mobile-position-top sc_fly_static elementor-widget elementor-widget-icon-box\" data-id=\"18f41d1\" data-element_type=\"widget\" data-widget_type=\"icon-box.default\">\n\t\t\t\t<div class=\"elementor-widget-container\">\n\t\t\t\t\t\t\t<div class=\"elementor-icon-box-wrapper\">\n\n\t\t\t\t\t\t<div class=\"elementor-icon-box-icon\">\n\t\t\t\t<span  class=\"elementor-icon\">\n\t\t\t\t<i aria-hidden=\"true\" class=\"fas fa-calendar-plus\"><\/i>\t\t\t\t<\/span>\n\t\t\t<\/div>\n\t\t\t\n\t\t\t\t\t\t<div class=\"elementor-icon-box-content\">\n\n\t\t\t\t\t\t\t\t\t<h3 class=\"elementor-icon-box-title\">\n\t\t\t\t\t\t<span  >\n\t\t\t\t\t\t\tS\u00fcreklilik\t\t\t\t\t\t<\/span>\n\t\t\t\t\t<\/h3>\n\t\t\t\t\n\t\t\t\t\t\t\t\t\t<p class=\"elementor-icon-box-description\">\n\t\t\t\t\t\tGer\u00e7ek ba\u015far\u0131n\u0131n, s\u00fcreklilikle peki\u015fti\u011fine inan\u0131yoruz. Yapt\u0131\u011f\u0131m\u0131z her i\u015fte y\u00fcksek kaliteyi standart haline getirdik. S\u00f6z verdi\u011fimizi yerine getirmemiz, istikrarl\u0131 \u00e7izgimiz ve g\u00fcven veren yakla\u015f\u0131m\u0131m\u0131z sayesinde m\u00fc\u015fterilerimiz bizimle \u00e7al\u0131\u015fmaya devam ediyor. Kalitede, fiyat politikam\u0131zda ve ekip anlay\u0131\u015f\u0131m\u0131zda sa\u011flad\u0131\u011f\u0131m\u0131z tutarl\u0131l\u0131k; m\u00fc\u015fterilerimizin \u201ckime yapt\u0131rmal\u0131\u201d sorusu yerine \u201cne yapt\u0131rmal\u0131\u201d sorusuna odaklanmas\u0131n\u0131 sa\u011flad\u0131. Ayn\u0131 \u00e7al\u0131\u015fma disiplinini sonraki projelerde de korumak, verimlili\u011fi art\u0131r\u0131yor ve zamandan tasarruf ettiriyor.\t\t\t\t\t<\/p>\n\t\t\t\t\n\t\t\t<\/div>\n\t\t\t\n\t\t<\/div>\n\t\t\t\t\t\t<\/div>\n\t\t\t\t<\/div>\n\t\t\t\t<div class=\"elementor-element elementor-element-57930c1 sc_fly_static elementor-widget elementor-widget-spacer\" data-id=\"57930c1\" data-element_type=\"widget\" data-widget_type=\"spacer.default\">\n\t\t\t\t<div class=\"elementor-widget-container\">\n\t\t\t\t\t\t\t<div class=\"elementor-spacer\">\n\t\t\t<div class=\"elementor-spacer-inner\"><\/div>\n\t\t<\/div>\n\t\t\t\t\t\t<\/div>\n\t\t\t\t<\/div>\n\t\t\t\t\t<\/div>\n\t\t<\/div>\n\t\t\t\t<div class=\"elementor-column elementor-col-33 elementor-top-column elementor-element elementor-element-fd5fae6 sc_content_align_inherit sc_layouts_column_icons_position_left sc_fly_static\" data-id=\"fd5fae6\" data-element_type=\"column\">\n\t\t\t<div class=\"elementor-widget-wrap elementor-element-populated\">\n\t\t\t\t\t\t<div class=\"elementor-element elementor-element-e76d982 elementor-view-default elementor-position-top elementor-mobile-position-top sc_fly_static elementor-widget elementor-widget-icon-box\" data-id=\"e76d982\" data-element_type=\"widget\" data-widget_type=\"icon-box.default\">\n\t\t\t\t<div class=\"elementor-widget-container\">\n\t\t\t\t\t\t\t<div class=\"elementor-icon-box-wrapper\">\n\n\t\t\t\t\t\t<div class=\"elementor-icon-box-icon\">\n\t\t\t\t<span  class=\"elementor-icon\">\n\t\t\t\t<i aria-hidden=\"true\" class=\"fas fa-handshake\"><\/i>\t\t\t\t<\/span>\n\t\t\t<\/div>\n\t\t\t\n\t\t\t\t\t\t<div class=\"elementor-icon-box-content\">\n\n\t\t\t\t\t\t\t\t\t<h3 class=\"elementor-icon-box-title\">\n\t\t\t\t\t\t<span  >\n\t\t\t\t\t\t\tEkip \u00c7al\u0131\u015fmas\u0131\t\t\t\t\t\t<\/span>\n\t\t\t\t\t<\/h3>\n\t\t\t\t\n\t\t\t\t\t\t\t\t\t<p class=\"elementor-icon-box-description\">\n\t\t\t\t\t\tG\u00fcn\u00fcm\u00fczde projelerin b\u00fcy\u00fck \u00e7o\u011funlu\u011fu farkl\u0131 alanlarda uzmanl\u0131k gerektiriyor. Ki\u015fisel katk\u0131lar \u00f6nemli olsa da, tek ba\u015f\u0131na yeterli olmuyor. Bu nedenle i\u015fler \u00f6nce b\u00f6l\u00fcmlere ayr\u0131l\u0131r, planlama do\u011frultusunda yeniden in\u015fa edilir ve ard\u0131ndan birle\u015ftirilir. Proje sorumlusu s\u00fcreci y\u00f6netirken, baz\u0131 g\u00f6revler alt ekiplere da\u011f\u0131t\u0131l\u0131r. B\u00f6ylece farkl\u0131 bak\u0131\u015f a\u00e7\u0131lar\u0131, toplant\u0131lar ve ortak fikirlerle olgunla\u015ft\u0131r\u0131l\u0131r, test edilir ve en verimli sonu\u00e7 elde edilir.\t\t\t\t\t<\/p>\n\t\t\t\t\n\t\t\t<\/div>\n\t\t\t\n\t\t<\/div>\n\t\t\t\t\t\t<\/div>\n\t\t\t\t<\/div>\n\t\t\t\t\t<\/div>\n\t\t<\/div>\n\t\t\t\t\t<\/div>\n\t\t<\/section>\n\t\t\t\t<\/div>\n\t\t","protected":false},"excerpt":{"rendered":"<p>Web tasar\u0131m ve dijital ihtiya\u00e7lar\u0131n\u0131z i\u00e7in uygun b\u00fct\u00e7eli ve \u00f6zel \u00e7\u00f6z\u00fcmler sunuyoruz. Neden Biz? Sundu\u011fumuz hizmetlerde her zaman b\u00fct\u00e7enize uygun ve size \u00f6zel \u00e7\u00f6z\u00fcmler \u00fcretmeye odaklan\u0131yoruz. Web tasar\u0131m ve yaz\u0131l\u0131m&hellip;<\/p>\n","protected":false},"author":1,"featured_media":0,"parent":0,"menu_order":0,"comment_status":"closed","ping_status":"closed","template":"","meta":{"footnotes":""},"class_list":["post-19052","page","type-page","status-publish","hentry"],"_links":{"self":[{"href":"https:\/\/ajans2.dijitalpiksel.com\/index.php\/wp-json\/wp\/v2\/pages\/19052","targetHints":{"allow":["GET"]}}],"collection":[{"href":"https:\/\/ajans2.dijitalpiksel.com\/index.php\/wp-json\/wp\/v2\/pages"}],"about":[{"href":"https:\/\/ajans2.dijitalpiksel.com\/index.php\/wp-json\/wp\/v2\/types\/page"}],"author":[{"embeddable":true,"href":"https:\/\/ajans2.dijitalpiksel.com\/index.php\/wp-json\/wp\/v2\/users\/1"}],"replies":[{"embeddable":true,"href":"https:\/\/ajans2.dijitalpiksel.com\/index.php\/wp-json\/wp\/v2\/comments?post=19052"}],"version-history":[{"count":10,"href":"https:\/\/ajans2.dijitalpiksel.com\/index.php\/wp-json\/wp\/v2\/pages\/19052\/revisions"}],"predecessor-version":[{"id":34600,"href":"https:\/\/ajans2.dijitalpiksel.com\/index.php\/wp-json\/wp\/v2\/pages\/19052\/revisions\/34600"}],"wp:attachment":[{"href":"https:\/\/ajans2.dijitalpiksel.com\/index.php\/wp-json\/wp\/v2\/media?parent=19052"}],"curies":[{"name":"wp","href":"https:\/\/api.w.org\/{rel}","templated":true}]}}